20 = 43*b. What is the thousands digit of b?
1
Let q(s) = s**2 - 13*s + 26. What is the hundreds digit of q(-10)?
2
Let l = -278 - -702. What is the tens digit of l?
2
Suppose 2*y + 2*q + 100 = 0, -3*q - 198 = 4*y - q. Let v = y + 92. Suppose -5*j - z + 142 = -2*j, -j + 4*z = -v. What is the units digit of j?
7
Suppose 0 = 5*d - 4*j - 18, 10*d - 36 = 5*d - 2*j. What is the tens digit of -3 - 21/d*-12?
3
Let r be 3 - (-3 + (-12)/(-3)). Let z be -1 + 0 + r + -36. What is the tens digit of -1 - z - (-1 - 2)?
3
What is the tens digit of (-1 + (-178)/(-4))/((-1)/(-22))?
5
Suppose -2*k + 1754 = q + q, 2631 = 3*q + 4*k. What is the units digit of q?
7
Suppose i = 2*i - 2. Suppose 2*y - i*c + 6*c = 20, -4*c = y - 18. What is the tens digit of 5/1*(y + 2)?
2
Suppose -5373*q + 5365*q = -2744. What is the hundreds digit of q?
3
Suppose 4*h - 3*b = 2516, 0*h - 4*b = -2*h + 1258. What is the tens digit of h?
2
Let n = -19 + 11. Let a = n - -22. Let s = a - -8. What is the tens digit of s?
2
Let i(o) = -25*o**3 - 1. Let c be i(-1). Let g = c + -19. Suppose g*q - 65 - 10 = 0. What is the tens digit of q?
1
Suppose 0 = -3*u - 4*g + 3856 + 1626, -2*g = -2*u + 3664. What is the tens digit of u?
3
Let j(k) = -k**2 + 3*k - 4. Let v be j(2). Let w = v - -5. Suppose 176 = -w*r + 7*r. What is the units digit of r?
4
Suppose 11*g + 153 = 2606. Let y = g - 101. What is the units digit of y?
2
Suppose 0 = -3*g + 358 + 143. Let b = g - 91. What is the tens digit of b?
7
Suppose l - 3 = 3. Let h = l + 0. Suppose -v + 14 = -h. What is the tens digit of v?
2
Let q = -5597 + 8057. What is the thousands digit of q?
2
Suppose 4*t - 2674 = m, -2*m - 88 = t - 761. What is the hundreds digit of t?
6
Let m = 158 + 27. Suppose y - 17 - m = 0. What is the hundreds digit of y?
2
Let v(j) be the second derivative of j**5/20 + j**3/6 + 21*j**2 + 5*j. Let p be 0*(12/(-4))/3. What is the tens digit of v(p)?
4
Let r(v) = -3*v - 11 + 6 - 22 - 5*v. What is the tens digit of r(-15)?
9
Suppose 4510 = 3*m + 2*z, -8*m - 2*z = -4*m - 6012. What is the units digit of m?
2
Let t be (2/(-6))/(1/(-951)). Suppose -2*s + t + 37 = 0. What is the units digit of s?
7
What is the units digit of (661 - 2) + -3 - (-2 - 2)?
0
Suppose 24*f - 9143 = 961. What is the units digit of f?
1
Suppose 0*o - 4*a = 5*o - 2381, -2389 = -5*o + 4*a. What is the tens digit of o?
7
Let p(z) = 5*z + 83. Let f be p(-16). Suppose 3*b - 4*u - 159 = 0, 4*u = 6 - 18. Suppose g - 4*g = -q + b, 97 = f*q + g. What is the units digit of q?
4
Let p(x) = -3*x**3 + 8*x**2 + 5*x + 6. Let f(d) = -5*d**3 + 15*d**2 + 10*d + 13. Let u(i) = -4*f(i) + 7*p(i). What is the tens digit of u(-5)?
4
Let w(i) = 31*i + 4. Let s be w(5). Suppose 3*f = -s + 465. What is the units digit of f?
2
Suppose 12 = 5*g - 2*g. Suppose -310 = -3*s + g*m, -5*s - 4*m = -245 - 325. What is the tens digit of s?
1
Suppose 4*a - 2*r = r + 5421, -2713 = -2*a - r. What is the hundreds digit of a?
3
Let j(m) = 4*m + 67. Let w be j(-16). Let l be 1/(0 + -1)*-81. Suppose 0*o - 3*o - 5*v = -65, -3*o + l = -w*v. What is the tens digit of o?
2
Let j(x) = x**3 - 11*x**2 + 10*x - 5. Let v be j(7). Let k = v - -189. What is the units digit of k?
8
Let l = -3 + 6. Suppose -l*p = -152 - 82. What is the tens digit of p?
7
Let v = 25 + -93. Let s = 12 - v. Suppose -2*c + w - 13 = -81, 2*c + 2*w - s = 0. What is the units digit of c?
6
Let m(r) = 15*r**2 + 15*r - 4. What is the units digit of m(3)?
6
Let i(y) = 3*y - 15. Let m be i(5). Suppose -h + 0*h - 5*v + 81 = m, -5*v = 3*h - 293. What is the hundreds digit of h?
1
Let b be 5/4*2*(-2 - -4). Suppose -b*q = -106 - 364. What is the units digit of q?
4
Let p = 59 - 54. Let u(x) be the first derivative of x**3/3 - x**2/2 + 3*x - 1. What is the units digit of u(p)?
3
What is the units digit of (-70633)/(-115) - (2/10 - 1)?
5
Let j = -31 - -320. What is the units digit of j?
9
Suppose -2*h - h = -108. Suppose 17 = 11*n + 105. Let v = n + h. What is the units digit of v?
8
Suppose 0 = -7*c + 9*c - 4. Suppose c*f = -2*f + 44. What is the tens digit of f?
1
Let m(x) = -2*x**2 + 14*x + 19. Let a be m(8). Suppose 2*j - 284 = w, -88 = -a*j + 4*w + 338. What is the tens digit of j?
4
What is the tens digit of 31/(((-20)/(-120))/((-2)/(-4)))?
9
Let u = -416 - -161. Let s = u + 376. What is the hundreds digit of s?
1
Let i(j) = -9 + 2*j + 3*j + j. Let q(x) = -x**2 + 14*x - 43. Let u be q(6). What is the units digit of i(u)?
1
Let l(z) = -44*z - 15. What is the hundreds digit of l(-8)?
3
Let d be 6*((-135)/6 + 1). Let t = -47 - d. What is the units digit of t?
2
Suppose -1 = -v + 2*v, 11 = -3*a + v. Let c be a/10 + 72/30. Suppose -c*q = -7*q + 65. What is the tens digit of q?
1
Suppose -4*i + 6 - 38 = s, -5*i + 4*s - 40 = 0. Let d(v) = -9*v - 10. Let p be d(i). Let k = p - 27. What is the tens digit of k?
3
Let j(g) = -6*g + 7. Let f = 53 + -57. What is the tens digit of j(f)?
3
Let o = 2211 - 367. What is the hundreds digit of o?
8
Let n(c) = -c**2 + 3*c + 69. Let r be n(0). Let t = r - -23. What is the tens digit of t?
9
Suppose -137*i = -87*i - 150700. What is the thousands digit of i?
3
Suppose 6*k - k = 610. Suppose -k = -45*l + 43*l. What is the units digit of l?
1
Let r = 238 - 400. Let t = -113 - r. What is the units digit of t?
9
Let k(n) = -5*n + 35. Let t(b) = -3*b + 5 + 2*b + 7 - b. Let g(h) = -6*k(h) + 17*t(h). What is the units digit of g(-9)?
0
Let d be (0 - 4) + -1 + 15. Let v(l) = -l + 14. Let o be v(d). Suppose s - o*a - 52 = -13, -5*s = 3*a - 80. What is the units digit of s?
9
Suppose d - 60 = 5*i, -4*d = -3*i - d - 36. Let g = i - -53. What is the units digit of g?
1
Suppose -103 = -4*n + 17. Suppose -h = 2*h - n. Suppose -232 = 5*l - h*l + d, 0 = 5*l + 3*d - 244. What is the units digit of l?
7
Let l(i) = 352*i**2 - 11*i + 10. What is the tens digit of l(1)?
5
Let w be (-2)/15 + 1292/15. Let j = w - 56. Suppose -4*s + j = x, 0 = -4*x - x - 5*s + 165. What is the units digit of x?
4
Let m = 1550 + -1261. What is the hundreds digit of m?
2
Let g = 77 - 69. Suppose 0 = g*t - 2*t - 588. What is the units digit of t?
8
Suppose 3*u + 2*s = -43, 4*s - 5 = -u - 36. Let h(j) = 0*j + 2*j - 5*j - 12. What is the units digit of h(u)?
1
Let x(j) = -69*j**2 - 2*j + 2664. What is the units digit of x(0)?
4
Let j be 0 - 1 - (-15)/(-5). Let u be (j/6)/(2/(-141)). Suppose -u = -q - 2. What is the units digit of q?
5
Suppose -26 = 2*a - 34. Suppose a*d - 205 = -d. What is the tens digit of d?
4
What is the units digit of 3955 - 48/(-18)*24/32?
7
Suppose 20*g - 11557 - 10123 = 0. What is the hundreds digit of g?
0
Suppose 187 + 50 = 3*f. What is the tens digit of f?
7
Suppose -5*n = r - 22 - 48, -2*n = 5*r - 51. Suppose w - 5*z = 2*w - 30, -2*w + z + 82 = 0. Let c = w - n. What is the tens digit of c?
2
Let a be (-49)/14*(-4 - -2). Let w be (-4)/(10/(-6) + 1). Suppose 22 = a*m - w*m. What is the tens digit of m?
2
Suppose o + 0*o + 15 = 0. Let y = 37 + o. What is the tens digit of y?
2
Suppose 0*z = 4*z - 44. Let b(d) = -2*d - 4*d - 5*d - z*d - 7. What is the tens digit of b(-4)?
8
Let f be ((-55)/(-15) - 4) + 1/3. Suppose 2*m - 604 = -3*v, 9*v - 4*v - 2*m - 980 = f. What is the units digit of v?
8
Let h = 7638 - 4985. What is the thousands digit of h?
2
Suppose 0*v = 4*v - 44. Suppose -10 - v = -3*j. Suppose 0 = j*x - 4*x - 78. What is the units digit of x?
6
Let k(q) = 4*q**2 + 8*q - 7. Let c be k(-5). Suppose 8*z - c = 7*z. What is the units digit of z?
3
Suppose h + 4*n = 353, 0 = 6*h - 10*h - 5*n + 1445. What is the hundreds digit of h?
3
Suppose -12*l + 18*l - 10998 = 0. What is the hundreds digit of l?
8
Let j be (4 + -1)*8/3. Suppose 0 = 5*o + j - 128. Suppose 80 = 5*t + 4*m, 4*t - 2*m = 66 + o. What is the units digit of t?
0
Let u be ((-9)/((-126)/16))/(8/28). Suppose 2*t = t - 4, -2*v + 240 = -u*t. What is the units digit of v?
2
Suppose -2*w - 4*m - 809 + 3233 = 0, -3*w + 4*m = -3646. What is the tens digit of w?
1
Suppose -2*r + 18*r = 10192. What is the tens digit of r?
3
Suppose 74*w - 71*w = 1845. What is the hundreds digit of w?
6
Let n be -2 + (-12)/(-3) + 0. Suppose -2*h = -4*l + 131 - 31, 34 = n*l + 3*h. Let b = l + -2. What is the tens digit of b?
2
Suppose -t + 2 = -13. Let i = -38 + t. Let b = i - -27. What is the uni